 - 3*d + 5. List the prime factors of m(-3).
5, 109
Let x(a) = -a - 7. Suppose 4*z - 6*z - 14 = 0. Let f be x(z). Suppose -2*t - 43 + 175 = f. What are the prime factors of t?
2, 3, 11
Suppose 0 = 9*b - 2*b - 357. Let m = 77 - b. List the prime factors of m.
2, 13
Let f = 30 + -27. Suppose -f*d = -d - 140. What are the prime factors of d?
2, 5, 7
Let a = 124 + -114. What are the prime factors of a?
2, 5
Let r(i) = -i**3 + 5*i**2 - 3*i - 1. Let h = 18 + -14. Let k be r(h). Suppose -3*g = -y - 116, 0 = -k*y + 19 - 7. List the prime factors of g.
2, 5
Let w(u) be the first derivative of 12*u**2 - 23*u - 26. What are the prime factors of w(7)?
5, 29
Let z(w) = 2*w - 13. Let r be z(8). Suppose 0 = f - 2*p - 170, r*f - 486 = -p - p. List the prime factors of f.
2, 41
What are the prime factors of (-4274)/(((-28)/(-35))/(4/(-10)))?
2137
Let h(n) = 5*n**2 + 1. Let d be h(-1). Let k(q) = 8*q + 6. List the prime factors of k(d).
2, 3
Suppose 0 = 6*g - 2*g. Suppose h - n + g + 5 = 0, -3*n = -h - 11. Let f(s) = -s**3 - s**2 - 3*s - 3. What are the prime factors of f(h)?
7
Suppose 0 = 9*l - 5*l + 20. Let n = l - -9. What are the prime factors of n?
2
Let w(l) = 0 + 2 - 12 - l. Let r be w(0). List the prime factors of 2/r - (-204)/20.
2, 5
Let o = 4 - 2. Suppose -4*m - 4*w = m - 207, -4*m = -o*w - 176. What are the prime factors of m?
43
Let u = -4543 + 6369. List the prime factors of u.
2, 11, 83
Suppose -16 = -6*n - 2*n. Let i(k) = k**3 - 4*k + 3. Let j be i(n). Suppose -j*v + 129 = 15. List the prime factors of v.
2, 19
Let h = 381 + 464. List the prime factors of h.
5, 13
Let r(x) = -x**3 - 14*x**2 + 17*x + 4. Let d(i) = i**2 - 1. Let q(z) = d(z) - r(z). List the prime factors of q(-16).
11
Suppose 6*b + 145 = b. Let a = 26 + b. What are the prime factors of ((-15)/(-10))/(a/(-98))?
7
Suppose -138*p - 1900 = -158*p. Suppose -3*x - 2*x = -210. Let r = p - x. List the prime factors of r.
53
Suppose 0 = -z + 2 + 3. Suppose h + 2*l = -z + 20, -2*h + l = -25. List the prime factors of h.
13
Suppose -20*r - d - 19085 = -25*r, -11473 = -3*r + 5*d. What are the prime factors of r?
2, 3, 53
Let i(l) = -l**3 - 7*l**2 - 4*l + 18. Suppose -3 = -4*d - 35. List the prime factors of i(d).
2, 3, 19
Suppose -7*z = -3*z + 80. Let g(j) = j**3 + 20*j**2 - 4*j - 8. List the prime factors of g(z).
2, 3
Let a(r) = -2*r**2 - 189*r + 164. List the prime factors of a(-71).
3, 389
Suppose 12*g + 32946 = 31*g. What are the prime factors of g?
2, 3, 17
Suppose 0 = -5*o + 5*y + 50, -o + 18 = -2*y - y. Let l = o - 1. Suppose -l*a = -8*a + 48. What are the prime factors of a?
2
Suppose 2*t + 5*r = 6*r - 16, 2*t + 28 = -5*r. Let l(x) = 0*x**2 - 2*x**2 - 11 + x**2 - 12*x. List the prime factors of l(t).
2
Let y be 3 - (4 + -3 + 7*11). Let x = y - -129. What are the prime factors of x?
2, 3
Suppose 2*q = 5*q + 2*t - 25, 0 = -5*t + 10. Suppose 6 = q*i - 169. List the prime factors of i.
5
Suppose w - 4*w = 6. Let o be w/(-7) - (-78)/21. Suppose -o*l = -6*l + 38. List the prime factors of l.
19
Suppose 2*w + 4*q = 448, w + 2*q + q - 226 = 0. List the prime factors of w.
2, 5, 11
Let p = 63 + -62. List the prime factors of (p - (-258)/4) + (-8)/(-16).
2, 3, 11
Let y be -4*(1 - (-4 + 4)). Let h = -7 - y. Let m = 25 - h. List the prime factors of m.
2, 7
Suppose -4*w + i = -2*w + 27, 5*i - 9 = w. List the prime factors of (-438)/(-9)*(-21)/w.
73
Suppose b + 63 = -0*b. Let v be (-6)/((b/6)/7). Suppose -67 = -3*n - v*o + 128, 5*n + 3*o - 336 = 0. List the prime factors of n.
3, 23
Let d(k) = 6*k. Let w be d(1). Suppose 0 = -2*x - 0*x - 3*q - w, 5*q + 10 = -4*x. Suppose 0 = -x*t - t + 26. List the prime factors of t.
2, 13
Suppose 5*w + 114 = 414. List the prime factors of w.
2, 3, 5
Let s = 114 - 20. Let x = s + -24. Suppose -4*r - v + 0*v + 134 = 0, x = 2*r + 2*v. What are the prime factors of r?
3, 11
List the prime factors of -9*(21/(-9)*3 - 150).
3, 157
Let m(i) = -7*i - 1. Let n be m(-4). Suppose 15*y - 36 = 24. Let v = n + y. List the prime factors of v.
31
Let w(g) = 6*g + 2. Let t be w(-1). Let r(j) = -j**3 - 2*j - 2. Let c be r(-1). List the prime factors of 25 + t/4*c.
2, 3
Let q be (6/(-15))/(2/(-50)). Let l(p) = -p**3 + 9*p**2 + 12*p + 12. Let d be l(q). Let x = -19 + d. What are the prime factors of x?
13
Let g = -114 - -162. Suppose 2*s + g = 134. What are the prime factors of s?
43
Let z = 16 + -27. Let o = -291 + 339. Let m = o + z. What are the prime factors of m?
37
Let p = 53 + -55. What are the prime factors of (-38064)/(-264) - p/(-11)?
2, 3
Let v = -2 - 22. Let b = v - -20. What are the prime factors of 34 - (b - -1) - -3?
2, 5
Let q = 111 - -70. List the prime factors of q.
181
Let d be 3 - 8/(-44) - 6/33. Suppose 0 = d*v - 6. What are the prime factors of v?
2
Let s(r) = r + 52. Let a be s(-14). Suppose -2*d = -5 - 61. Suppose 2*g + d = 4*g - 3*n, 2*g + 2*n - a = 0. What are the prime factors of g?
2, 3
Suppose 0 = -67*d + 58*d - 90. Let n(w) = -w**2 + 10*w + 12 + 2*w**2 - 4. What are the prime factors of n(d)?
2
Let f = 676 - 479. List the prime factors of f.
197
Suppose -2*s - p = -28, -2*p + 3*p + 20 = 2*s. Suppose 7*n - 90 = s*n. Let k = n - -23. List the prime factors of k.
5
Suppose 3*r = -r + 80. Let i be 12*(r/6 - 3). Let o(l) = 3*l + 9. What are the prime factors of o(i)?
3, 7
Let o = 703 - 420. Suppose -o + 17 = -7*x. List the prime factors of x.
2, 19
Let r be (-4 + 0)/(4/(-3)). Suppose r*w - 227 = 67. What are the prime factors of w?
2, 7
Let g = 1224 - -4865. What are the prime factors of g?
6089
Let g = -14 - -398. List the prime factors of g.
2, 3
List the prime factors of (-789)/(-2)*(-13 + (-41)/(-3)).
263
Let b(a) = 3*a**2 + 13*a + 5. Let q be b(-9). Suppose -q = 3*l - 29. Let g = -15 - l. List the prime factors of g.
19
Suppose d = 4*m - 4047, -3*m - 4*d = -5*d - 3035. List the prime factors of m.
2, 11, 23
Suppose -2*q = -6, 4*g - 5*q + 3 + 4 = 0. Suppose g*s - 6*s = 3*c - 127, 0 = -s - 4*c + 48. List the prime factors of s.
2, 7
Let i = 13489 + -9297. What are the prime factors of i?
2, 131
Suppose -t = -0*t - 201. Suppose 11*f = 14*f - t. Suppose -f = -2*j + 5*x, -2*x - 1 = 1. What are the prime factors of j?
31
Let m(w) = -16*w - 1. Suppose 0 = -5*u + 4*y + 262, 2*u + 4*y = 4*u - 112. Let v be 1/(-5) + (-90)/u. List the prime factors of m(v).
31
Let w(g) = g**2 - 6*g + 2. Let o be w(8). Let y = o - -11. What are the prime factors of y?
29
Let v = 0 - 12. Let b be 7/9 - v/54. List the prime factors of 2*b - (-14 + 6).
2, 5
Let d = 544 + 1834. What are the prime factors of d?
2, 29, 41
Let p(w) = w**3 - 12*w**2 + 13*w - 14. Let u be p(11). Suppose 17*n - 13*n = u. List the prime factors of n.
2
Suppose -2*x + 1849 = 3*i, 4*x - 2472 = -3*i - i. List the prime factors of i.
613
Suppose 14 = -2*s - k, 4*k - 22 = 5*s - 0*k. Let y = -4 - s. Suppose 2*w - 4*t - 38 = 0, 0*w + y*t - 71 = -5*w. What are the prime factors of w?
3, 5
Let l = -17 + 21. Suppose l*d = -3*p - 0*d + 21, -5*p = 2*d - 21. Suppose -2*m - p*m = -55. List the prime factors of m.
11
Let c be (-4 - -7)*(-1720)/(-6). Let u be c/(-15)*3/(-2). Suppose -3*s + 2*x + u = -s, -4*x + 132 = 4*s. List the prime factors of s.
2, 19
Let w(u) = 19*u + 77. What are the prime factors of w(21)?
2, 7, 17
Let s(v) = -2*v**3 - v**2 - 9*v - 4. List the prime factors of s(-5).
2, 7, 19
Suppose 0 = -3*b - n + 6*n - 15, 0 = -5*b + 5*n - 15. Suppose b = -5*s + s + i + 483, 4*s - 473 = 3*i. What are the prime factors of s?
2, 61
Suppose 0 = 5*q + 3*t - 15, -t + 5 = 2*q - 1. What are the prime factors of (1 + q/(-2))*(-1 + -685)?
7
What are the prime factors of 5/3 + -1 + 643/3?
5, 43
Let u be ((-220)/80)/((-1)/4). List the prime factors of ((-2)/(-4))/(((-88)/(-2224))/u).
139
Let o = -40 + 57. Let r = 52 - o. Suppose -28 = -3*t + r. What are the prime factors of t?
3, 7
Suppose g - 201 = 3*f, -4*g = 4*f - 2*f - 734. What are the prime factors of g?
2, 3, 31
Suppose -10 = -4*u + 2*u. Suppose 66 = -2*n + u*n. Suppose 0*g + 5*g - n = q, g - 4*q = 12. What are the prime factors of g?
2
Suppose -26*q + 27036 = -2448. What are the prime factors of q?
2, 3, 7
Suppose -2*o + 57 = -5*m, -2*m + 39 = 2*o + 3. Let q(i) = i**3 - 21*i**2 + 4*i - 3. List the prime factors of q(o).
3
Let j(z) = z**3 - 13*z**2 + 13*z + 2. Let